f u(g)?
9
Let x = 14 + -41. Let c = x + 47. What is the units digit of c?
0
Suppose -4*s + 3 = -5. Suppose -5*d - 4*j = -14, -2*d + s = 2*j - 4. Suppose 2*u - 12 + d = 0. What is the units digit of u?
5
Let l be 3/(-1 + -2 + 2). Let x(k) = -2*k - 2. What is the units digit of x(l)?
4
Suppose -3*u + 13 + 14 = 0. What is the units digit of u*(0 - 0 - -1)?
9
Let k = 10 - 6. Suppose 4*d - 4*w = 120, k*w - 82 = -2*d - 4. Suppose -3*n - o = -30, -d = -2*n - 3*o - 6. What is the units digit of n?
9
Let a = 6 - 3. Suppose 2*w - 26 = 2*s, -a*w + 30 = -s - 1. What is the units digit of w?
9
Suppose -4*h + 171 = 4*r + 27, h - 159 = -4*r. What is the units digit of r?
1
Let n = -9 + 13. Suppose -c + n*j = -2*c + 43, -4*j = 3*c - 113. What is the tens digit of c?
3
Let c(d) = -d + 15. What is the units digit of c(11)?
4
Suppose -2*v - 5*m + m = -74, -v + 4*m = -19. What is the units digit of v?
1
Let g(u) = -2*u + 31. What is the units digit of g(13)?
5
Suppose 4*p - 4*a = 1344, 3*p + 5*a = p + 665. What is the units digit of p?
5
Let v be 0 + -3 + 5 + -8. What is the units digit of 18/(-12)*76/v?
9
Suppose -5*m = -8*m - 483. Let c = -113 - m. What is the units digit of c?
8
Let v(x) = -x**3 + 7*x**2 + 9*x + 10. Let l be v(7). Suppose 4*t = -3*c + 71, 2*c + 2*c + t = l. What is the tens digit of c?
1
Suppose 3*s + 3*i = 474, -3*s + s - 5*i + 310 = 0. What is the units digit of s?
0
What is the tens digit of (305 + -5)/2*(-2)/(-2)?
5
Let s = 32 - -44. What is the tens digit of s?
7
Let p(f) be the first derivative of -13*f**2/2 - 7. What is the units digit of p(-1)?
3
Let j(a) = -90*a**3 + a**2 - 2*a - 3. What is the tens digit of j(-1)?
9
Suppose 6 = -3*i, -11 = 4*c + i + 31. Let p = 0 - c. What is the tens digit of p?
1
Let s(n) be the second derivative of n**3/6 - 4*n**2 - 3*n. Let o be s(9). What is the tens digit of 16 + (2 - 4) + o?
1
Let h(l) = l**3 + 9*l**2 + 8*l + 4. What is the units digit of h(-8)?
4
Let q(k) = k**2 + 5*k - 9. Suppose -d + 35 = -6*g + g, 5*g = -5*d - 65. What is the tens digit of q(g)?
1
Let b be (10/8 - 1)*4. Suppose -b = 3*i - 13. Suppose 0 = i*o - 3*o - 6. What is the units digit of o?
6
Let q = -69 - -160. What is the tens digit of q?
9
Suppose s - 5*y = 63, 0 = -3*s - 2*s + 3*y + 227. What is the units digit of s?
3
Let x(k) = 5 - 1 + 8*k**2 - 11*k - 9*k**2. Let a be x(-11). Suppose b - 30 = -a*b. What is the units digit of b?
6
Suppose -3*n + 98 = n - 2*h, -5*h = 3*n - 93. Suppose 19 = a + 3*v, 3*v + n = 5*a - 15. What is the units digit of a?
0
Suppose 5*a = 3*a + 92. What is the units digit of a?
6
Suppose 4*o - 8*o = -20. Suppose -2 = w - o. What is the units digit of w?
3
Suppose -c = z - 6*z + 22, 4*z - 26 = -2*c. What is the units digit of c/(-6) + 3/2?
1
Suppose 0*s = -4*s + 8. Suppose 2*o = -s*o - 432. What is the units digit of o/(-20) + 4/(-10)?
5
Let x be ((-3)/(-2))/(3/(-12)). What is the units digit of (-3*(-40)/x)/(-2)?
0
Suppose 2*n = 4*g - 0*n - 164, 102 = 2*g + 4*n. What is the units digit of g?
3
Suppose -u = -4*t - 2*u + 200, -4*t + 5*u = -200. What is the units digit of t?
0
Let r(z) = -17*z + 25. What is the tens digit of r(-5)?
1
Let s = -167 - -119. Let h = s + 91. What is the units digit of h?
3
Suppose 0 = 6*u - u - 30. What is the units digit of u?
6
Suppose 2 = 2*r + 4. Let u be (r - 10/(-2)) + -2. What is the units digit of u/6 + 16/6?
3
Let v(c) = -2*c**3 - 2*c - 3. Let x = -5 + 3. What is the tens digit of v(x)?
1
Let y be (-1 - -1) + 3 + 1. Let x = 1 - 3. Let r = x + y. What is the units digit of r?
2
Let p(k) = -k**3 - 17*k**2 + 16*k - 16. What is the tens digit of p(-18)?
2
Let u be ((-7)/21)/((-1)/(-21)). Let z(x) = -x + 3. What is the units digit of z(u)?
0
Let w = 7 + -4. Let d be (4/(-7))/((-8)/28). Suppose w*a - 1 = d*a. What is the units digit of a?
1
Suppose -3*q - 18 = -q. Let a(p) be the second derivative of p**5/20 + 5*p**4/6 + 3*p**3/2 + 2*p**2 - 2*p. What is the units digit of a(q)?
4
Let m(n) = -n**2 - n + 3. Let h be m(-4). Let k(b) = -2*b - 6. What is the tens digit of k(h)?
1
Suppose 0 = -12*u + 15*u - 156. What is the tens digit of u?
5
Let r(k) = k**2 + 13*k - 15. What is the tens digit of r(-16)?
3
Let l(t) = -29*t + 11. What is the units digit of l(-3)?
8
Let c(a) = -5*a**2 + 5*a + 4. Let g(v) = v**2 + v + 1. Let f(i) = c(i) - 5*g(i). Let q be f(-1). Let u(p) = p**2 + 9*p - 15. What is the units digit of u(q)?
7
Let j(w) = 22*w**2 - 8*w - 17. What is the tens digit of j(-3)?
0
Let t(r) = -1. Let z(g) be the second derivative of -g**3/6 - 3*g**2/2 + g. Let s(h) = 6*t(h) - z(h). What is the units digit of s(6)?
3
Suppose -94 + 46 = -4*i. What is the tens digit of i?
1
Let t(n) = -n**2 + 5*n. Let i be t(4). Suppose 0 = -2*s + i - 2. What is the units digit of s?
1
Suppose 3*m - 11*m + 1328 = 0. What is the units digit of m?
6
Let u = 131 - 105. What is the units digit of u?
6
Let f = -111 + 263. What is the units digit of f?
2
Let n = -31 - -67. What is the tens digit of n?
3
Let s(v) = 6 + 5*v - 4*v - 4 - 18*v**3. What is the tens digit of s(-1)?
1
Let g = -119 - -159. What is the tens digit of g?
4
Let a be (8/((-2)/2))/(-2). What is the tens digit of 0/(a/(-2)) + 17?
1
Suppose -4*q = 4*w - 8, -8 = 5*q - 0*w - 4*w. Suppose 2*d - 28 = -4*i - q*i, i = 5. Suppose d*u + 5*z + 1 = -0, 3*u = -3*z. What is the units digit of u?
1
Let q = -18 + 44. What is the tens digit of (0 + 1)*(q - 4)?
2
Let t be 961/6 + (-5)/30. Suppose 0 = -4*x - 3*i - 49 + t, -5*x + 134 = -i. What is the units digit of x?
7
Suppose -192 = -2*x - 4*x. What is the tens digit of x?
3
Let n(c) = c**2 - 11*c + 5. Let v be n(8). Let a = v + 39. What is the units digit of a?
0
Suppose 2*j = 5*j - 24. Suppose 3*f = 7*f - j. Suppose -7*d = -5*z - 2*d + 20, -2 = -f*z - d. What is the units digit of z?
2
Let d(f) be the third derivative of -f**5/60 + 7*f**4/24 - 7*f**3/6 - 2*f**2. Let q be d(5). Suppose -2*z + 5 = q. What is the units digit of z?
1
Let u(v) = v + 1. Let t be u(2). Suppose -5*r - t*f = 7, -2*r = 2*f + f + 10. What is the units digit of r?
1
Let m = -3 - -6. Suppose 3*f - 16 = -2*g, 0 = m*g + f + f - 14. What is the units digit of g?
2
Let g = -24 + 58. What is the units digit of g?
4
Let o(g) = 5*g**2 + 4*g + g**2 - 2*g**2 + g**3. Let n be o(-3). What is the units digit of (-18)/15*10/n?
4
Suppose -2*j = -95 - 9. What is the tens digit of j?
5
Suppose 0 = -3*p - 4*b - 12, -p + b = -b + 4. Let h(o) = o**3 + 5*o**2 + 4*o + 5. Let w be h(p). Suppose -10 + 0 = -w*f. What is the units digit of f?
2
Let n be 20/6 + (-4)/12. Suppose -5*u + 4*p - 6 = 4, n*p = 15. Suppose 0 = 4*t - 2*c - 16, u*t - 20 = -3*t - 3*c. What is the units digit of t?
4
Suppose -2*i + 2*f + 76 = 0, -4*f + 103 = 3*i - 4. What is the units digit of i?
7
Let n be 3/6 - 11/2. Let z = n + 7. Suppose 0 = 5*l - z*x - 31, 0 = -2*x - 0*x + 4. What is the units digit of l?
7
Let x(l) = 2*l**3 + 11*l**2 + l - 3. What is the tens digit of x(-4)?
4
Let k(g) be the first derivative of -g**2/2 - 9*g - 2. Let c be k(7). What is the units digit of (-21)/(-4) + 4/c?
5
Suppose 4*m = -4*q + 26 + 26, 5*q = 4*m + 92. Suppose h + 3*w = q, h + w = 3*w - 9. Suppose h - 3 = -2*y. What is the units digit of y?
1
Let s(u) = u - 5. Let z(x) be the third derivative of x**4/24 - 5*x**3/6 + 2*x**2. Let m(y) = 2*s(y) - 3*z(y). What is the units digit of m(0)?
5
Suppose -2*b + 4 = -0*b + k, 2*k + 10 = 2*b. Let p be (11 - b) + (-2 - 0). Let t = 14 - p. What is the units digit of t?
8
Let s(p) = 8*p + 9. Let d(l) = 41*l + 46. Let v(a) = 2*d(a) - 11*s(a). What is the tens digit of v(-8)?
4
Let l = 15 + 7. What is the tens digit of l?
2
Let u = 147 - 67. What is the units digit of u?
0
Suppose -5*v + 5*f + 25 = 0, 4 = -0*v - 2*v - 5*f. Let s(c) = -c**2 + c + 3. Let q be s(v). Let w(h) = -4*h - 4. What is the units digit of w(q)?
8
Let c = 15 + -7. Suppose -w = -2*w - 3*k + 8, -c = 2*k. What is the units digit of w?
0
Let r = 152 + -82. Suppose 9*w - r = 7*w. What is the tens digit of w?
3
Suppose 243 = 3*l + l - 3*g, -4*l - 5*g + 267 = 0. What is the tens digit of l?
6
Let h = 6 - 3. Suppose -h*v - q = -59, -2*q + 101 = 5*v - q. Suppose -4*n = 9 - v. What is the units digit of n?
3
Suppose 5*b = -3*q + 37, 9 = -4*q + b + 20. Suppose 19 = -3*c + 4, q*n + 5*c + 9 = 0. 